{"id":283,"date":"2016-08-20T01:02:42","date_gmt":"2016-08-20T01:02:42","guid":{"rendered":"http:\/\/georedes.com.co\/geo\/?page_id=283"},"modified":"2016-08-23T15:53:55","modified_gmt":"2016-08-23T15:53:55","slug":"mundo-mujer-el-banco-de-la-comunidad","status":"publish","type":"page","link":"https:\/\/georedes.com.co\/geo\/clientes\/mundo-mujer-el-banco-de-la-comunidad\/","title":{"rendered":"Mundo mujer &#8211; El banco de la comunidad"},"content":{"rendered":"<p style=\"text-align: justify;\"><strong><span style=\"color: #0000ff;\">Proyecto:\u00a0<\/span><\/strong> Montaje y adecuaci\u00f3n de la red el\u00e9ctrica y de comunicaciones, cableado estructurado para las agencias del banco en Cali, Pasto, Cartagena, Piedecuesta, Gir\u00f3n y Barrancabermeja, entre otras.<\/p>\n<p style=\"text-align: justify;\"><strong><span style=\"color: #0000ff;\">Descripci\u00f3n:<\/span> <\/strong>Proveedor para el montaje de toda la red el\u00e9ctrica y de comunicaciones de las agencias del banco, mantenimientos preventivos y correctivos, mantenimiento general a nivel regional de oficinas, pintura, cielos cubiertas, divisiones en panel yeso, etc.<\/p>\n<p><a href=\"http:\/\/georedes.com.co\/geo\/wp-content\/uploads\/2016\/08\/mundo-mujer.png\"><img decoding=\"async\" loading=\"lazy\" class=\"alignnone size-medium wp-image-194\" src=\"http:\/\/georedes.com.co\/geo\/wp-content\/uploads\/2016\/08\/mundo-mujer-300x132.png\" alt=\"mundo-mujer\" width=\"300\" height=\"132\" srcset=\"https:\/\/georedes.com.co\/geo\/wp-content\/uploads\/2016\/08\/mundo-mujer-300x132.png 300w, https:\/\/georedes.com.co\/geo\/wp-content\/uploads\/2016\/08\/mundo-mujer.png 333w\" sizes=\"(max-width: 300px) 100vw, 300px\" \/><\/a><\/p>\n","protected":false},"excerpt":{"rendered":"<p>Proyecto:\u00a0 Montaje y adecuaci\u00f3n de la red el\u00e9ctrica y de comunicaciones, cableado estructurado para las agencias del banco en Cali, Pasto, Cartagena, Piedecuesta, Gir\u00f3n y Barrancabermeja, entre otras. Descripci\u00f3n: Proveedor para el montaje de toda la red el\u00e9ctrica y de comunicaciones de las agencias del banco, mantenimientos preventivos y correctivos, mantenimiento general a nivel regional [&hellip;]<\/p>\n","protected":false},"author":2,"featured_media":0,"parent":27,"menu_order":16,"comment_status":"closed","ping_status":"closed","template":"","meta":{"ngg_post_thumbnail":0},"aioseo_notices":[],"_links":{"self":[{"href":"https:\/\/georedes.com.co\/geo\/wp-json\/wp\/v2\/pages\/283"}],"collection":[{"href":"https:\/\/georedes.com.co\/geo\/wp-json\/wp\/v2\/pages"}],"about":[{"href":"https:\/\/georedes.com.co\/geo\/wp-json\/wp\/v2\/types\/page"}],"author":[{"embeddable":true,"href":"https:\/\/georedes.com.co\/geo\/wp-json\/wp\/v2\/users\/2"}],"replies":[{"embeddable":true,"href":"https:\/\/georedes.com.co\/geo\/wp-json\/wp\/v2\/comments?post=283"}],"version-history":[{"count":5,"href":"https:\/\/georedes.com.co\/geo\/wp-json\/wp\/v2\/pages\/283\/revisions"}],"predecessor-version":[{"id":438,"href":"https:\/\/georedes.com.co\/geo\/wp-json\/wp\/v2\/pages\/283\/revisions\/438"}],"up":[{"embeddable":true,"href":"https:\/\/georedes.com.co\/geo\/wp-json\/wp\/v2\/pages\/27"}],"wp:attachment":[{"href":"https:\/\/georedes.com.co\/geo\/wp-json\/wp\/v2\/media?parent=283"}],"curies":[{"name":"wp","href":"https:\/\/api.w.org\/{rel}","templated":true}]}}