{"id":334,"date":"2016-08-20T03:35:47","date_gmt":"2016-08-20T03:35:47","guid":{"rendered":"http:\/\/georedes.com.co\/geo\/?page_id=334"},"modified":"2021-12-12T20:16:48","modified_gmt":"2021-12-13T01:16:48","slug":"sistema-de-control-de-acceso","status":"publish","type":"page","link":"https:\/\/georedes.com.co\/geo\/servicios\/seguridad-electronica\/sistema-de-control-de-acceso\/","title":{"rendered":"Sistema de control de acceso"},"content":{"rendered":"<p style=\"text-align: justify;\">GEOREDES INGENIEROS S.A.S.&nbsp; le implementa sistemas para controlar el acceso a oficinas, hospitales, laboratorios, tesorer\u00edas, centros de c\u00f3mputo, casa etc.&nbsp; Dise\u00f1ados para controlar una puerta o ventana, dar apertura a trav\u00e9s de una clave o pin, tarjeta o huella.<\/p>\n<p style=\"text-align: justify;\">Actualmente brindamos la asesor\u00eda, la instalaci\u00f3n y el mantenimiento para:<\/p>\n<h3 style=\"text-align: justify;\"><strong><span style=\"color: #0000ff;\">Sistema de control de acceso con tarjeta<\/span><\/strong><\/h3>\n<p style=\"text-align: justify;\"><a href=\"http:\/\/georedes.com.co\/geo\/wp-content\/uploads\/2016\/08\/control-acceso-seguridad-con-tarjeta-georedes.jpg\"><img decoding=\"async\" loading=\"lazy\" class=\"alignnone size-full wp-image-335\" src=\"http:\/\/georedes.com.co\/geo\/wp-content\/uploads\/2016\/08\/control-acceso-seguridad-con-tarjeta-georedes.jpg\" alt=\"control-acceso-seguridad-con-tarjeta-georedes\" width=\"189\" height=\"157\"><\/a><\/p>\n<p style=\"text-align: justify;\">Este sistema le concede a su empresa o negocio una buena seguridad, dando plena confiabilidad del personal que se le otorga la tarjeta de acceso sin necesidad de memorizar claves.<\/p>\n<h3 style=\"text-align: justify;\"><strong><span style=\"color: #0000ff;\">Sistema de control de acceso con teclado<\/span><\/strong><\/h3>\n<p style=\"text-align: justify;\"><a href=\"http:\/\/georedes.com.co\/geo\/wp-content\/uploads\/2016\/08\/control-de-acceso-con-teclado-sistemas-georedes.jpg\"><img decoding=\"async\" loading=\"lazy\" class=\"alignnone size-full wp-image-336\" src=\"http:\/\/georedes.com.co\/geo\/wp-content\/uploads\/2016\/08\/control-de-acceso-con-teclado-sistemas-georedes.jpg\" alt=\"control-de-acceso-con-teclado-sistemas-georedes\" width=\"189\" height=\"157\"><\/a><\/p>\n<p style=\"text-align: justify;\">Sistema que hace seguro el ingreso de personas a un determinado lugar, en donde el personal deber\u00e1 de usar una clave o un pin para el acceso.<\/p>\n<h3 style=\"text-align: justify;\"><strong><span style=\"color: #0000ff;\">Sistema de control de acceso con huella<\/span><\/strong><\/h3>\n<p style=\"text-align: justify;\"><a href=\"http:\/\/georedes.com.co\/geo\/wp-content\/uploads\/2016\/08\/acceso-huella-control-sistema-seguridad-georedes.jpg\"><img decoding=\"async\" loading=\"lazy\" class=\"alignnone size-full wp-image-337\" src=\"http:\/\/georedes.com.co\/geo\/wp-content\/uploads\/2016\/08\/acceso-huella-control-sistema-seguridad-georedes.jpg\" alt=\"acceso-huella-control-sistema-seguridad-georedes\" width=\"189\" height=\"157\"><\/a><\/p>\n<p style=\"text-align: justify;\">El sistema de acceso con huella es el m\u00e1s seguro que le dar\u00e1 mayor control y seguridad en \u00e1reas restringidas, con el objetivo de mantener los puntos cr\u00edticos de su negocio protegidos.<\/p>\n<p style=\"text-align: justify;\">Actualmente el control de ingreso o acceso a un determinado lugar por personal autorizado es m\u00e1s que una necesidad, pues controlar el ingreso a un sitio requiere el registro de entrada\/salida de personas, equipos, veh\u00edculos en una compa\u00f1\u00eda y&nbsp; \u00e9sto lo permiten los sistemas de control de acceso modernos.<\/p>\n<h3><span style=\"color: #0000ff;\">OTROS SERVICIOS DE SEGURIDAD ELECTR\u00d3NICA:<\/span><\/h3>\n<ul>\n<li><a href=\"http:\/\/georedes.com.co\/geo\/servicios\/seguridad-electronica\/sistemas-cctv\/\">Sistemas CCTV<\/a><\/li>\n<li><a href=\"http:\/\/georedes.com.co\/geo\/servicios\/seguridad-electronica\/sistemas-de-alarmas\/\">Sistemas de alarmas<\/a><\/li>\n<li><a href=\"http:\/\/georedes.com.co\/geo\/servicios\/seguridad-electronica\/seguridad-perimetral\/\">Seguridad perimetral<\/a><\/li>\n<li><a href=\"http:\/\/georedes.com.co\/geo\/servicios\/seguridad-electronica\/equipos-en-general\/\">Equipos en general.<\/a><\/li>\n<\/ul>\n<h3 style=\"text-align: justify;\"><a href=\"http:\/\/georedes.com.co\/geo\/contacto\/\">Si necesita saber m\u00e1s acerca de nuestros servicios de ingenier\u00eda por favor comun\u00edquese con nosotros:<\/a><\/h3>\n<p style=\"text-align: justify;\">&nbsp;<\/p>\n","protected":false},"excerpt":{"rendered":"<p>GEOREDES INGENIEROS S.A.S.&nbsp; le implementa sistemas para controlar el acceso a oficinas, hospitales, laboratorios, tesorer\u00edas, centros de c\u00f3mputo, casa etc.&nbsp; Dise\u00f1ados para controlar una puerta o ventana, dar apertura a trav\u00e9s de una clave o pin, tarjeta o huella. Actualmente brindamos la asesor\u00eda, la instalaci\u00f3n y el mantenimiento para: Sistema de control de acceso con [&hellip;]<\/p>\n","protected":false},"author":2,"featured_media":0,"parent":617,"menu_order":4,"comment_status":"closed","ping_status":"closed","template":"","meta":{"ngg_post_thumbnail":0},"aioseo_notices":[],"_links":{"self":[{"href":"https:\/\/georedes.com.co\/geo\/wp-json\/wp\/v2\/pages\/334"}],"collection":[{"href":"https:\/\/georedes.com.co\/geo\/wp-json\/wp\/v2\/pages"}],"about":[{"href":"https:\/\/georedes.com.co\/geo\/wp-json\/wp\/v2\/types\/page"}],"author":[{"embeddable":true,"href":"https:\/\/georedes.com.co\/geo\/wp-json\/wp\/v2\/users\/2"}],"replies":[{"embeddable":true,"href":"https:\/\/georedes.com.co\/geo\/wp-json\/wp\/v2\/comments?post=334"}],"version-history":[{"count":5,"href":"https:\/\/georedes.com.co\/geo\/wp-json\/wp\/v2\/pages\/334\/revisions"}],"predecessor-version":[{"id":751,"href":"https:\/\/georedes.com.co\/geo\/wp-json\/wp\/v2\/pages\/334\/revisions\/751"}],"up":[{"embeddable":true,"href":"https:\/\/georedes.com.co\/geo\/wp-json\/wp\/v2\/pages\/617"}],"wp:attachment":[{"href":"https:\/\/georedes.com.co\/geo\/wp-json\/wp\/v2\/media?parent=334"}],"curies":[{"name":"wp","href":"https:\/\/api.w.org\/{rel}","templated":true}]}}