{"id":339,"date":"2016-08-20T03:45:46","date_gmt":"2016-08-20T03:45:46","guid":{"rendered":"http:\/\/georedes.com.co\/geo\/?page_id=339"},"modified":"2021-12-12T20:16:54","modified_gmt":"2021-12-13T01:16:54","slug":"equipos-en-general","status":"publish","type":"page","link":"https:\/\/georedes.com.co\/geo\/servicios\/seguridad-electronica\/equipos-en-general\/","title":{"rendered":"Equipos en general"},"content":{"rendered":"<h3><strong><span style=\"color: #0000ff;\">Plantas telef\u00f3nicas<\/span><\/strong><\/h3>\n<div><a href=\"http:\/\/georedes.com.co\/geo\/wp-content\/uploads\/2016\/08\/plantas-telefonicas-centrales.png\"><img decoding=\"async\" loading=\"lazy\" class=\"alignnone wp-image-340\" src=\"http:\/\/georedes.com.co\/geo\/wp-content\/uploads\/2016\/08\/plantas-telefonicas-centrales.png\" alt=\"plantas-telefonicas-centrales\" width=\"306\" height=\"204\" srcset=\"https:\/\/georedes.com.co\/geo\/wp-content\/uploads\/2016\/08\/plantas-telefonicas-centrales.png 327w, https:\/\/georedes.com.co\/geo\/wp-content\/uploads\/2016\/08\/plantas-telefonicas-centrales-300x200.png 300w\" sizes=\"(max-width: 306px) 100vw, 306px\" \/><\/a><\/div>\n<div>&nbsp;<\/div>\n<h3><strong><span style=\"color: #0000ff;\">Conmutadores<\/span><\/strong><\/h3>\n<div><a href=\"http:\/\/georedes.com.co\/geo\/wp-content\/uploads\/2016\/08\/conmutadores-georedes-telefonico.jpg\"><img decoding=\"async\" loading=\"lazy\" class=\"alignnone wp-image-341\" src=\"http:\/\/georedes.com.co\/geo\/wp-content\/uploads\/2016\/08\/conmutadores-georedes-telefonico.jpg\" alt=\"conmutadores-georedes-telefonico\" width=\"298\" height=\"196\" srcset=\"https:\/\/georedes.com.co\/geo\/wp-content\/uploads\/2016\/08\/conmutadores-georedes-telefonico.jpg 850w, https:\/\/georedes.com.co\/geo\/wp-content\/uploads\/2016\/08\/conmutadores-georedes-telefonico-300x197.jpg 300w, https:\/\/georedes.com.co\/geo\/wp-content\/uploads\/2016\/08\/conmutadores-georedes-telefonico-768x505.jpg 768w\" sizes=\"(max-width: 298px) 100vw, 298px\" \/><\/a><\/div>\n<div>&nbsp;<\/div>\n<h3><strong><span style=\"color: #0000ff;\">Tel\u00e9fonos sencillos<\/span><\/strong><\/h3>\n<div><a href=\"http:\/\/georedes.com.co\/geo\/wp-content\/uploads\/2016\/08\/telefonos-sencillos-fijos-georedes.jpg\"><img decoding=\"async\" loading=\"lazy\" class=\"alignnone wp-image-342\" src=\"http:\/\/georedes.com.co\/geo\/wp-content\/uploads\/2016\/08\/telefonos-sencillos-fijos-georedes.jpg\" alt=\"telefonos-sencillos-fijos-georedes\" width=\"275\" height=\"227\"><\/a><\/div>\n<div>&nbsp;<\/div>\n<div>&nbsp;<\/div>\n<h3><span style=\"color: #0000ff;\">OTROS SERVICIOS DE SEGURIDAD ELECTR\u00d3NICA:<\/span><\/h3>\n<ul>\n<li><a href=\"http:\/\/georedes.com.co\/geo\/servicios\/seguridad-electronica\/sistemas-cctv\/\">Sistemas CCTV<\/a><\/li>\n<li><a href=\"http:\/\/georedes.com.co\/geo\/servicios\/seguridad-electronica\/sistemas-de-alarmas\/\">Sistemas de alarmas<\/a><\/li>\n<li><a href=\"http:\/\/georedes.com.co\/geo\/servicios\/seguridad-electronica\/seguridad-perimetral\/\">Seguridad perimetral<\/a><\/li>\n<li><a href=\"http:\/\/georedes.com.co\/geo\/servicios\/seguridad-electronica\/sistema-de-control-de-acceso\/\">Sistema de control de acceso<\/a><\/li>\n<\/ul>\n<h3 style=\"text-align: justify;\"><a href=\"http:\/\/georedes.com.co\/geo\/contacto\/\">Si necesita saber m\u00e1s acerca de nuestros servicios de ingenier\u00eda por favor comun\u00edquese con nosotros:<\/a><\/h3>\n<p style=\"text-align: justify;\">&nbsp;<\/p>\n","protected":false},"excerpt":{"rendered":"<p>Plantas telef\u00f3nicas &nbsp; Conmutadores &nbsp; Tel\u00e9fonos sencillos &nbsp; &nbsp; OTROS SERVICIOS DE SEGURIDAD ELECTR\u00d3NICA: Sistemas CCTV Sistemas de alarmas Seguridad perimetral Sistema de control de acceso Si necesita saber m\u00e1s acerca de nuestros servicios de ingenier\u00eda por favor comun\u00edquese con nosotros: &nbsp;<\/p>\n","protected":false},"author":2,"featured_media":0,"parent":617,"menu_order":5,"comment_status":"closed","ping_status":"closed","template":"","meta":{"ngg_post_thumbnail":0},"aioseo_notices":[],"_links":{"self":[{"href":"https:\/\/georedes.com.co\/geo\/wp-json\/wp\/v2\/pages\/339"}],"collection":[{"href":"https:\/\/georedes.com.co\/geo\/wp-json\/wp\/v2\/pages"}],"about":[{"href":"https:\/\/georedes.com.co\/geo\/wp-json\/wp\/v2\/types\/page"}],"author":[{"embeddable":true,"href":"https:\/\/georedes.com.co\/geo\/wp-json\/wp\/v2\/users\/2"}],"replies":[{"embeddable":true,"href":"https:\/\/georedes.com.co\/geo\/wp-json\/wp\/v2\/comments?post=339"}],"version-history":[{"count":4,"href":"https:\/\/georedes.com.co\/geo\/wp-json\/wp\/v2\/pages\/339\/revisions"}],"predecessor-version":[{"id":752,"href":"https:\/\/georedes.com.co\/geo\/wp-json\/wp\/v2\/pages\/339\/revisions\/752"}],"up":[{"embeddable":true,"href":"https:\/\/georedes.com.co\/geo\/wp-json\/wp\/v2\/pages\/617"}],"wp:attachment":[{"href":"https:\/\/georedes.com.co\/geo\/wp-json\/wp\/v2\/media?parent=339"}],"curies":[{"name":"wp","href":"https:\/\/api.w.org\/{rel}","templated":true}]}}